{"id":393,"date":"2020-03-07T09:09:08","date_gmt":"2020-03-07T08:09:08","guid":{"rendered":"http:\/\/www.storchova.cz\/?page_id=393"},"modified":"2024-12-20T14:33:23","modified_gmt":"2024-12-20T13:33:23","slug":"dovolena","status":"publish","type":"page","link":"https:\/\/www.storchova.cz\/?page_id=393","title":{"rendered":"DOVOLEN\u00c1"},"content":{"rendered":"\n<p><\/p>\n\n\n\n<p><strong><em>V\u00c1NO\u010cN\u00cd ORDINA\u010cN\u00cd DOBA<\/em><\/strong><\/p>\n\n\n\n<p>POND\u011aL\u00cd 23.12.2024 HOSTOMICE 08,00 &#8211; 12,00 JINCE 13,00 &#8211; 15,00<\/p>\n\n\n\n<p>\u00daTER\u00dd 24.12. &#8211; \u010cTVRTEK 26.12.2024 ZAV\u0158ENO<\/p>\n\n\n\n<p>P\u00c1TEK 27.12.2024 JINCE 09,00 &#8211; 12,00 SESTRA BEZ L\u00c9KA\u0158E HOSTOMICE ODPOLEDNE ZAV\u0158ENO<\/p>\n\n\n\n<p>POND\u011aL\u00cd 30.12.2024 HOSTOMICE 08 ,00 &#8211; 12,00 JINCE 13,00 &#8211; 15,00<\/p>\n\n\n\n<p>\u00daTER\u00dd 31.12.2024 A ST\u0158EDA 01.01.2025 ZAV\u0158ENO<\/p>\n\n\n\n<p>\u010cTVRTEK 02.01.2025 A P\u00c1TEK 03.01.2025 OTEV\u0158ENO JI\u017d PODLE B\u011a\u017dN\u00ddCH ORDINA\u010cN\u00cdCH HODIN<\/p>\n\n\n\n<p><\/p>\n\n\n\n<p><\/p>\n","protected":false},"excerpt":{"rendered":"<p>V\u00c1NO\u010cN\u00cd ORDINA\u010cN\u00cd DOBA POND\u011aL\u00cd 23.12.2024 HOSTOMICE 08,00 &#8211; 12,00 JINCE 13,00 &#8211; 15,00 \u00daTER\u00dd 24.12. &#8211; \u010cTVRTEK 26.12.2024 ZAV\u0158ENO P\u00c1TEK 27.12.2024 JINCE 09,00 &#8211; 12,00 SESTRA BEZ L\u00c9KA\u0158E HOSTOMICE ODPOLEDNE ZAV\u0158ENO POND\u011aL\u00cd 30.12.2024 HOSTOMICE 08 ,00 &#8211; 12,00 JINCE 13,00<\/p>\n","protected":false},"author":2,"featured_media":0,"parent":0,"menu_order":0,"comment_status":"closed","ping_status":"closed","template":"","meta":[],"_links":{"self":[{"href":"https:\/\/www.storchova.cz\/index.php?rest_route=\/wp\/v2\/pages\/393"}],"collection":[{"href":"https:\/\/www.storchova.cz\/index.php?rest_route=\/wp\/v2\/pages"}],"about":[{"href":"https:\/\/www.storchova.cz\/index.php?rest_route=\/wp\/v2\/types\/page"}],"author":[{"embeddable":true,"href":"https:\/\/www.storchova.cz\/index.php?rest_route=\/wp\/v2\/users\/2"}],"replies":[{"embeddable":true,"href":"https:\/\/www.storchova.cz\/index.php?rest_route=%2Fwp%2Fv2%2Fcomments&post=393"}],"version-history":[{"count":30,"href":"https:\/\/www.storchova.cz\/index.php?rest_route=\/wp\/v2\/pages\/393\/revisions"}],"predecessor-version":[{"id":631,"href":"https:\/\/www.storchova.cz\/index.php?rest_route=\/wp\/v2\/pages\/393\/revisions\/631"}],"wp:attachment":[{"href":"https:\/\/www.storchova.cz\/index.php?rest_route=%2Fwp%2Fv2%2Fmedia&parent=393"}],"curies":[{"name":"wp","href":"https:\/\/api.w.org\/{rel}","templated":true}]}}